{"id":19521,"date":"2024-06-24T11:53:07","date_gmt":"2024-06-24T09:53:07","guid":{"rendered":"https:\/\/centarzaprirodnumedicinu.com\/?post_type=product&#038;p=19521"},"modified":"2025-04-07T14:18:32","modified_gmt":"2025-04-07T12:18:32","slug":"casica-za-ispiranje-ociju","status":"publish","type":"product","link":"https:\/\/www.centarzaprirodnumedicinu.com\/test\/p\/oprema-i-pomagala\/casica-za-ispiranje-ociju\/","title":{"rendered":"\u010ca\u0161ica za ispiranje o\u010diju"},"content":{"rendered":"<p>Ovo je odli\u010dna alatka za higijenu i odr\u017eavanje zdravlja o\u010diju. Posebno je namenjeno za olak\u0161avanje upotrebe tinkture za o\u010di.<\/p>\n<p>Bezbednosni materijal : Napravljen od mekog silikona visokog kvaliteta sa dobro ugla\u010danim stranama bez ivica, prijatan za ko\u017eu i udoban za o\u010di, nije ga lako deformisati, mo\u017ee se ponovo koristiti sa trajnim performansama.<\/p>\n<p>Specijalni dizajn: \u010ca\u0161e su posebno dizajnirane za kupanje o\u010diju, usta \u010da\u0161e su u obliku o\u010diju koje savr\u0161eno pokrivaju celo oko, te\u010dnost nije lako izliti tokom \u010di\u0161c\u0301enja, obod otvora \u010da\u0161e je dobro poliran sa zaobljenom ivicom , odli\u010dna za\u0161tita va\u0161e periokularne osetljive ko\u017ee.<\/p>\n<p>Jednostavan za upotrebu: \u010ca\u0161a za ispiranje o\u010diju je jednostavna za upotrebu, napunite je te\u010dno\u0161c\u0301u za pranje (kupite posebno), a zatim je stavite da pokrije oko meko i \u010dvrsto fiksirano, polako se nagnite unazad da biste bili sigurni da su vam o\u010di potpuno uronjene u \u010da\u0161a za ispiranje o\u010diju, ponovite gore navedene korake po sopstvenoj potrebi.<\/p>\n<p>Dimenzije proizvoda: pribl. 4,9 x 4,1 cm<\/p>\n","protected":false},"excerpt":{"rendered":"<h6>Prakti\u010dna silikonska \u010da\u0161ica za kupanje o\u010diju<\/h6>\n","protected":false},"featured_media":19523,"comment_status":"open","ping_status":"closed","template":"","meta":[],"product_brand":[],"product_cat":[3788],"product_tag":[],"class_list":{"0":"post-19521","1":"product","2":"type-product","3":"status-publish","4":"has-post-thumbnail","6":"product_cat-oprema-i-pomagala","8":"first","9":"instock","10":"shipping-taxable","11":"purchasable","12":"product-type-simple"},"_links":{"self":[{"href":"https:\/\/www.centarzaprirodnumedicinu.com\/test\/wp-json\/wp\/v2\/product\/19521","targetHints":{"allow":["GET"]}}],"collection":[{"href":"https:\/\/www.centarzaprirodnumedicinu.com\/test\/wp-json\/wp\/v2\/product"}],"about":[{"href":"https:\/\/www.centarzaprirodnumedicinu.com\/test\/wp-json\/wp\/v2\/types\/product"}],"replies":[{"embeddable":true,"href":"https:\/\/www.centarzaprirodnumedicinu.com\/test\/wp-json\/wp\/v2\/comments?post=19521"}],"version-history":[{"count":0,"href":"https:\/\/www.centarzaprirodnumedicinu.com\/test\/wp-json\/wp\/v2\/product\/19521\/revisions"}],"wp:featuredmedia":[{"embeddable":true,"href":"https:\/\/www.centarzaprirodnumedicinu.com\/test\/wp-json\/wp\/v2\/media\/19523"}],"wp:attachment":[{"href":"https:\/\/www.centarzaprirodnumedicinu.com\/test\/wp-json\/wp\/v2\/media?parent=19521"}],"wp:term":[{"taxonomy":"product_brand","embeddable":true,"href":"https:\/\/www.centarzaprirodnumedicinu.com\/test\/wp-json\/wp\/v2\/product_brand?post=19521"},{"taxonomy":"product_cat","embeddable":true,"href":"https:\/\/www.centarzaprirodnumedicinu.com\/test\/wp-json\/wp\/v2\/product_cat?post=19521"},{"taxonomy":"product_tag","embeddable":true,"href":"https:\/\/www.centarzaprirodnumedicinu.com\/test\/wp-json\/wp\/v2\/product_tag?post=19521"}],"curies":[{"name":"wp","href":"https:\/\/api.w.org\/{rel}","templated":true}]}}