{"id":19471,"date":"2024-06-16T13:23:33","date_gmt":"2024-06-16T11:23:33","guid":{"rendered":"https:\/\/centarzaprirodnumedicinu.com\/?post_type=product&#038;p=19471"},"modified":"2025-08-17T13:59:15","modified_gmt":"2025-08-17T11:59:15","slug":"dozer-za-bebe-i-decu-kopiraj","status":"publish","type":"product","link":"https:\/\/www.centarzaprirodnumedicinu.com\/test\/p\/oprema-i-pomagala\/dozer-za-bebe-i-decu-kopiraj\/","title":{"rendered":"Naprstak za \u010di\u0161\u0107enje jezika, desni i zubi\u0107a kod beba i dece"},"content":{"rendered":"<p>Odli\u010dna alatka za oralnu higijenu va\u0161e bebe ili mali\u0161ana. Ova silikonska \u010detkica za prst je napravljena od 100% super mekog silikona i navikava va\u0161e dete na ose\u0107aj pranja zuba i desni, tako da pranje zuba postaje zabavan i va\u017ean deo svakodnevnog \u017eivota.<\/p>\n<p>Ono \u0161to je posebno zna\u010dajno jeste to da se \u010detkica mo\u017ee veoma uspe\u0161no koristiti za masa\u017eu desni kod bebe. Naro\u010dito je zna\u010dajna u procesu kada izbijaju zubi\u0107i kod bebe i kada se pojavi bol i svrab desni. Laganom masa\u017eom ovom silikonskom \u010detkicom smanjuje se svrab i bol i omogu\u0107ava se da beba \u0161to prirodnije i lak\u0161e pro\u0111e kroz ovaj bolan proces, Samom masa\u017eom desni se stimuli\u0161e lak\u0161e i br\u017ee izbijanje zubi\u0107a.<\/p>\n<p>Uz ovu \u010detkicu preporu\u010duje se upotreba tinkture &#8222;<strong>Usta<\/strong>&#8220; koju mo\u017eete nakapari na \u010detkicu i na taj na\u010din naneti je na jezik, desni ili zubive deteta, tinkturu mo\u017eete prona\u0107i na na\u0161em sajtu.<\/p>\n","protected":false},"excerpt":{"rendered":"<h6>Silikonski naprstak &#8211; \u010detkica za \u010di\u0161\u0107enje i masa\u017eu desni kod beba i dece<\/h6>\n","protected":false},"featured_media":19472,"comment_status":"open","ping_status":"closed","template":"","meta":[],"product_brand":[],"product_cat":[3788],"product_tag":[],"class_list":{"0":"post-19471","1":"product","2":"type-product","3":"status-publish","4":"has-post-thumbnail","6":"product_cat-oprema-i-pomagala","8":"first","9":"instock","10":"shipping-taxable","11":"purchasable","12":"product-type-simple"},"_links":{"self":[{"href":"https:\/\/www.centarzaprirodnumedicinu.com\/test\/wp-json\/wp\/v2\/product\/19471","targetHints":{"allow":["GET"]}}],"collection":[{"href":"https:\/\/www.centarzaprirodnumedicinu.com\/test\/wp-json\/wp\/v2\/product"}],"about":[{"href":"https:\/\/www.centarzaprirodnumedicinu.com\/test\/wp-json\/wp\/v2\/types\/product"}],"replies":[{"embeddable":true,"href":"https:\/\/www.centarzaprirodnumedicinu.com\/test\/wp-json\/wp\/v2\/comments?post=19471"}],"version-history":[{"count":1,"href":"https:\/\/www.centarzaprirodnumedicinu.com\/test\/wp-json\/wp\/v2\/product\/19471\/revisions"}],"predecessor-version":[{"id":26145,"href":"https:\/\/www.centarzaprirodnumedicinu.com\/test\/wp-json\/wp\/v2\/product\/19471\/revisions\/26145"}],"wp:featuredmedia":[{"embeddable":true,"href":"https:\/\/www.centarzaprirodnumedicinu.com\/test\/wp-json\/wp\/v2\/media\/19472"}],"wp:attachment":[{"href":"https:\/\/www.centarzaprirodnumedicinu.com\/test\/wp-json\/wp\/v2\/media?parent=19471"}],"wp:term":[{"taxonomy":"product_brand","embeddable":true,"href":"https:\/\/www.centarzaprirodnumedicinu.com\/test\/wp-json\/wp\/v2\/product_brand?post=19471"},{"taxonomy":"product_cat","embeddable":true,"href":"https:\/\/www.centarzaprirodnumedicinu.com\/test\/wp-json\/wp\/v2\/product_cat?post=19471"},{"taxonomy":"product_tag","embeddable":true,"href":"https:\/\/www.centarzaprirodnumedicinu.com\/test\/wp-json\/wp\/v2\/product_tag?post=19471"}],"curies":[{"name":"wp","href":"https:\/\/api.w.org\/{rel}","templated":true}]}}