{"id":18873,"date":"2024-03-12T17:09:58","date_gmt":"2024-03-12T16:09:58","guid":{"rendered":"https:\/\/centarzaprirodnumedicinu.com\/?post_type=product&#038;p=18873"},"modified":"2025-06-02T11:03:16","modified_gmt":"2025-06-02T09:03:16","slug":"antiparazit","status":"publish","type":"product","link":"https:\/\/www.centarzaprirodnumedicinu.com\/test\/p\/biljne-tinkture\/biljne-tinkture-po-receptu-nikole-markovica\/antiparazit\/","title":{"rendered":"Antiparazit"},"content":{"rendered":"<p><strong>SASTAV:<\/strong><br \/>\n<strong>&#8211; Crni orah<\/strong> (<em>Juglans nigra<\/em>)<br \/>\n<strong>&#8211; Pelin<\/strong> (<em>Artemisia absinthium<\/em>)<br \/>\n<strong>&#8211; Karanfili\u0107<\/strong> (<em>Syzygium aromaticum<\/em>)<\/p>\n<p><strong>KAKO OVA FORMULA DELUJE?<br \/>\n<\/strong>Biljna tinktura<strong> &#8222;Antiparazit&#8220; <\/strong>sadr\u017ei tri nerazdvojive biljke koje deluju istovremeno kao tandem, to je ono \u0161to \u010dini poseban zna\u010daj ovoj formuli. Prva biljka je<strong> Crni orah,<\/strong> poznato je da su ovu biljku vekovima koristili Indijanci kao antiparazitski, antibakterijski, antivirusni i antigljivi\u010dni \u2013 prirodni lek sa aktivnim jedinjenjima junglonom, taninom i jodom. Tako\u0111e danas je poznato da tinktura crnog oraha ubija parazite, dr Kristofer je veoma cenio ovu biljku. Druga biljka je <strong>Pelin, <\/strong>dok crni orah ubija <strong>odrasle parazite<\/strong> pelin je biljka koja ih ubija jo\u0161 dok su <strong>u fazi larve<\/strong>, tako\u0111e ono \u0161to je posebno zna\u010dajno a to je da povec\u0301ava kiselost \u017eeluca i proizvodnju \u017eu\u010di \u010dine\u0107i digestivni trakt neprijateljskom sredinom za parazite a u isto vreme pobolj\u0161ava varenje hrane. I na kraju tre\u0107a biljka je <strong>Karanfili\u0107<\/strong>. Karanfili\u0107 je biljka koja ima sna\u017ena antiparazitska, anti-gljivi\u010dna, antivirusna i antiinflamatorna svojstva. Veoma \u010desto se koristi za odr\u017eavanje zdravlja usne duplje tako \u0161to se \u017eva\u0107e jedan klin\u010di\u0107 u ustima. Poznato je tako\u0111e da koncentrovani oblik ove biljke uni\u0161tavaja <strong>jaja parazita<\/strong> iz organizma.<\/p>\n<p>Ukratko to je prirodni na\u010din kako ova tinktura deluje uz spomo\u0107 ove tri biljke, svaka biljka ima svoje delovanje. Karanfili\u0107 ubija jaja parazita i tako spre\u010dava njihovo dalje izleganje, pelin uni\u0161tava larve koje su se ve\u0107 izlegle a crni orah ubija odrasle jedinke tako da se celi krug njihovog postojanja i razmno\u017eavanja u na\u0161em organizmu ovim putem zatvara.<\/p>\n","protected":false},"excerpt":{"rendered":"<h6>Biljna tinktura po receptu Nikole Markovi\u0107a sa antiparazitskim dejstvom<\/h6>\n<p>\u010ci\u0161\u0107enje organizma od parazita (<strong>gljivica<\/strong>, <strong>bakterija<\/strong>, <strong>crva<\/strong>, <strong>glista<\/strong> itd) je proces koji je poznat pod nazivom antiparazitni program. Paraziti mogu da nanesu ogromnu \u0161tetu ljudskom organizmu, mogu da oslabe na\u0161 imuni sistem i izazovu mnoge bolesti pa \u010dak i kancer. Tri biljke koje se koriste u ovoj tinkturi mogu da uklone <strong>preko 100 vrsta parazita iz organizma<\/strong>.<\/p>\n","protected":false},"featured_media":25456,"comment_status":"open","ping_status":"closed","template":"","meta":[],"product_brand":[],"product_cat":[3614],"product_tag":[3797,3675,3760,3729,3798,3653,3799,3728,3617],"class_list":{"0":"post-18873","1":"product","2":"type-product","3":"status-publish","4":"has-post-thumbnail","6":"product_cat-biljne-tinkture-po-receptu-nikole-markovica","7":"product_tag-antiparazit","8":"product_tag-bakterije","9":"product_tag-biljne-tinkture-nikole-markovica","10":"product_tag-crni-orah","11":"product_tag-gljivice","12":"product_tag-karanfilic","13":"product_tag-nikola-markovic","14":"product_tag-pelin","15":"product_tag-tinkture","16":"pa_cuvanje-na-sobnoj-temperaturi-na-tamnom-mestu","17":"pa_nacin-upotrebe-od-80-kapi-3-puta-dnevno-do-160-kapi-6-puta-dnevno-promuckati-pre-upotrebe","18":"pa_period-trajanja-ako-se-uzima-po-80-kapi-3-puta-dnevno-tinktura-moze-trajati-7-dana","19":"pa_period-upotrebe-za-najbolji-preventivni-efekat-tnkturu-uzimati-14-30-dana-kod-tezih-oboljenja-30-90-dana","20":"pa_proizvodnja-centar-za-priridnu-medicinu","21":"pa_zapremina-50-ml","23":"first","24":"instock","25":"shipping-taxable","26":"purchasable","27":"product-type-simple"},"_links":{"self":[{"href":"https:\/\/www.centarzaprirodnumedicinu.com\/test\/wp-json\/wp\/v2\/product\/18873","targetHints":{"allow":["GET"]}}],"collection":[{"href":"https:\/\/www.centarzaprirodnumedicinu.com\/test\/wp-json\/wp\/v2\/product"}],"about":[{"href":"https:\/\/www.centarzaprirodnumedicinu.com\/test\/wp-json\/wp\/v2\/types\/product"}],"replies":[{"embeddable":true,"href":"https:\/\/www.centarzaprirodnumedicinu.com\/test\/wp-json\/wp\/v2\/comments?post=18873"}],"version-history":[{"count":1,"href":"https:\/\/www.centarzaprirodnumedicinu.com\/test\/wp-json\/wp\/v2\/product\/18873\/revisions"}],"predecessor-version":[{"id":23294,"href":"https:\/\/www.centarzaprirodnumedicinu.com\/test\/wp-json\/wp\/v2\/product\/18873\/revisions\/23294"}],"wp:featuredmedia":[{"embeddable":true,"href":"https:\/\/www.centarzaprirodnumedicinu.com\/test\/wp-json\/wp\/v2\/media\/25456"}],"wp:attachment":[{"href":"https:\/\/www.centarzaprirodnumedicinu.com\/test\/wp-json\/wp\/v2\/media?parent=18873"}],"wp:term":[{"taxonomy":"product_brand","embeddable":true,"href":"https:\/\/www.centarzaprirodnumedicinu.com\/test\/wp-json\/wp\/v2\/product_brand?post=18873"},{"taxonomy":"product_cat","embeddable":true,"href":"https:\/\/www.centarzaprirodnumedicinu.com\/test\/wp-json\/wp\/v2\/product_cat?post=18873"},{"taxonomy":"product_tag","embeddable":true,"href":"https:\/\/www.centarzaprirodnumedicinu.com\/test\/wp-json\/wp\/v2\/product_tag?post=18873"}],"curies":[{"name":"wp","href":"https:\/\/api.w.org\/{rel}","templated":true}]}}