{"id":17789,"date":"2023-02-13T11:56:38","date_gmt":"2023-02-13T10:56:38","guid":{"rendered":"https:\/\/centarzaprirodnumedicinu.com\/?post_type=product&#038;p=17789"},"modified":"2025-06-01T22:42:42","modified_gmt":"2025-06-01T20:42:42","slug":"antiepileptik","status":"publish","type":"product","link":"https:\/\/www.centarzaprirodnumedicinu.com\/test\/p\/biljne-tinkture\/biljne-tinkture-po-receptu-dzona-kristofera\/antiepileptik\/","title":{"rendered":"ANTIEPILEPTIK"},"content":{"rendered":"<p><strong>SASTAV:<br \/>\n&#8211; Divlji ruzmarin<\/strong>\u00a0(<em>Cimicifuga racemosa<\/em>)<br \/>\n<strong>&#8211; Plava stani\u0107arka<\/strong> (<em>Caulophyllum thalictroides<\/em>)<br \/>\n<strong>&#8211; Plava verbena<\/strong> (<em>Verbena hastata<\/em>)<br \/>\n<strong>&#8211; Kapica<\/strong> (<em>Scutellaria lateriflora<\/em>)<br \/>\n<strong>&#8211; Lobelija<\/strong> (<em>Lobelia inflata<\/em>)<\/p>\n<p><strong>KAKO OVA FORMULA DELUJE?<br \/>\n<\/strong>Biljka<strong>\u00a0divlji ruzmarin<\/strong>\u00a0(black chohosh) je u svetu prirodne medicine poznati prirodni lek za mozak i ki\u010dmenu mo\u017edinu, pa su mozak, ki\u010dmena mo\u017edina (centralno nervni sistem) pod direktnim uticajem ove biljke. Tako da ova biljka na nervni sistem ne deluje direktno ve\u0107 preko kimene mo\u017edine, \u0161to je slo\u017eeniji i temeljniji proces. Druga biljka je<strong>\u00a0plava stani\u0107arka,<\/strong>\u00a0ona deluje protiv\u00a0<strong>gr\u010deva<\/strong>,\u00a0<strong>epilepsije<\/strong>, histerije, depresije, nervoze i drugih nervnih oboljenja, pa je sjajna kombinacija sa divljim ruzmarinom u ovoj formuli.<strong>\u00a0Lobelija<\/strong>\u00a0je dobila ime po svom izuzetno lekovitom jedinjenju \u201e<strong>lobelin<\/strong>\u201c koje ima \u0161iroku primenu u prirodnom oporavku. Ova biljka se vrlo \u010desto koristi za\u00a0<strong>olak\u0161avanje disanja<\/strong>, u smirivanju gr\u010deva, i opu\u0161tanje mi\u0161i\u010da i nervnog sistema. Slede\u0107a biljka u ovoj formuli jeste\u00a0<strong>kapica,<\/strong>\u00a0ona je jedna od odli\u010dnih nervno stimulativnih biljaka igra veoma va\u017enu ulogu u stimulisanju i obnovi o\u0161te\u0107enih nerava na taj na\u010din \u0161to pobolj\u0161ava komunikaciju me\u0111u nervnim \u0107elijama. I na kraju\u00a0<strong>plava verbena,\u00a0<\/strong>to je sjajna biljka koja se veoma uspe\u0161no koristi kod\u00a0<strong>nesanice<\/strong>,\u00a0<strong>nervoze<\/strong>,\u00a0<strong>napetost<\/strong>\u00a0i\u00a0<strong>stresa<\/strong>. Ima posebno dejstvo kod\u00a0<strong>depresije<\/strong>.<\/p>\n","protected":false},"excerpt":{"rendered":"<h6>Biljna tinktura za pobolj\u0161anje rada motornih nerava po receptu D\u017eona Kristofera<\/h6>\n<p>Biljna formula \u201e<strong>Antiepileptik<\/strong>\u201c je \u010duveni recept dr Kristofera, koji je nastao u njegovom le\u010dili\u0161tu kao velika potreba da se pomogne ljudima sa epilepti\u010dnim napadima. Ova se formula danas koristi kod svih nervnih i <strong>autoimunih<\/strong>\u00a0oboljenja. Istovremeno ima dvostruko dejstvo stimuli\u0161uci rad i\u00a0<strong>obnovu nerava<\/strong>, a s druge strane umiruje nerve.\u00a0U kombinaciji sa biljnom formulom \u201e<strong>Mozak<\/strong>\u201c (<em>koja poboljsava protok i dotok krvi i kiseonika do mozga<\/em>) i formulom \u201e<strong>Nervi #2<\/strong>\u201c (<em>koja stimuli\u0161e rad nervnog sistema<\/em>) daje odli\u010dne rezultate kod obolelih od \u0161loga,\u00a0<strong>multiple skleroze<\/strong>,\u00a0<strong>mijastenije<\/strong>,\u00a0<strong>parkinsonove bolesti<\/strong> i ostalih neuromi\u0161i\u0107nih oboljenja. Koristi se kao pomo\u0107 kod stanja nervoze, <strong>obnavlja motorne nerve<\/strong>, poma\u017ee u povra\u0107aju ravnote\u017ee i \u010dula sluha i veliki je blagoslov za <strong>epilepti\u010dare<\/strong>. Kada se korisi ova formula po\u017eeljno je masirati se u donjem predelu lobanje i gornjih pr\u0161ljenova.<\/p>\n","protected":false},"featured_media":25445,"comment_status":"open","ping_status":"closed","template":"","meta":[],"product_brand":[],"product_cat":[3611],"product_tag":[3624,3688,3719,3770,3722,3648,3731,3718,3771,3720,3721],"class_list":{"0":"post-17789","1":"product","2":"type-product","3":"status-publish","4":"has-post-thumbnail","6":"product_cat-biljne-tinkture-po-receptu-dzona-kristofera","7":"product_tag-biljne-tinkture","8":"product_tag-biljne-tinkture-dzona-kristofera","9":"product_tag-divlji-ruzmarin","10":"product_tag-epilepsija","11":"product_tag-kapica","12":"product_tag-lobelija","13":"product_tag-mozak","14":"product_tag-nervi","15":"product_tag-nervni-sistem","16":"product_tag-plava-stanicarka","17":"product_tag-plava-verbena","18":"pa_cuvanje-na-sobnoj-temperaturi-na-tamnom-mestu","19":"pa_nacin-upotrebe-od-80-kapi-3-puta-dnevno-do-160-kapi-6-puta-dnevno-promuckati-pre-upotrebe","20":"pa_period-trajanja-ako-se-uzima-po-80-kapi-3-puta-dnevno-tinktura-moze-trajati-7-dana","21":"pa_period-upotrebe-za-najbolji-preventivni-efekat-tnkturu-uzimati-najmanje-30-dana-kod-tezih-oboljenja-i-do-90-dana","22":"pa_proizvodnja-centar-za-priridnu-medicinu","23":"pa_zapremina-50-ml","25":"first","26":"instock","27":"shipping-taxable","28":"purchasable","29":"product-type-simple"},"_links":{"self":[{"href":"https:\/\/www.centarzaprirodnumedicinu.com\/test\/wp-json\/wp\/v2\/product\/17789","targetHints":{"allow":["GET"]}}],"collection":[{"href":"https:\/\/www.centarzaprirodnumedicinu.com\/test\/wp-json\/wp\/v2\/product"}],"about":[{"href":"https:\/\/www.centarzaprirodnumedicinu.com\/test\/wp-json\/wp\/v2\/types\/product"}],"replies":[{"embeddable":true,"href":"https:\/\/www.centarzaprirodnumedicinu.com\/test\/wp-json\/wp\/v2\/comments?post=17789"}],"version-history":[{"count":1,"href":"https:\/\/www.centarzaprirodnumedicinu.com\/test\/wp-json\/wp\/v2\/product\/17789\/revisions"}],"predecessor-version":[{"id":25446,"href":"https:\/\/www.centarzaprirodnumedicinu.com\/test\/wp-json\/wp\/v2\/product\/17789\/revisions\/25446"}],"wp:featuredmedia":[{"embeddable":true,"href":"https:\/\/www.centarzaprirodnumedicinu.com\/test\/wp-json\/wp\/v2\/media\/25445"}],"wp:attachment":[{"href":"https:\/\/www.centarzaprirodnumedicinu.com\/test\/wp-json\/wp\/v2\/media?parent=17789"}],"wp:term":[{"taxonomy":"product_brand","embeddable":true,"href":"https:\/\/www.centarzaprirodnumedicinu.com\/test\/wp-json\/wp\/v2\/product_brand?post=17789"},{"taxonomy":"product_cat","embeddable":true,"href":"https:\/\/www.centarzaprirodnumedicinu.com\/test\/wp-json\/wp\/v2\/product_cat?post=17789"},{"taxonomy":"product_tag","embeddable":true,"href":"https:\/\/www.centarzaprirodnumedicinu.com\/test\/wp-json\/wp\/v2\/product_tag?post=17789"}],"curies":[{"name":"wp","href":"https:\/\/api.w.org\/{rel}","templated":true}]}}