{"id":17311,"date":"2022-07-12T20:57:41","date_gmt":"2022-07-12T18:57:41","guid":{"rendered":"https:\/\/centarzaprirodnumedicinu.com\/?post_type=product&#038;p=17311"},"modified":"2025-04-07T14:18:36","modified_gmt":"2025-04-07T12:18:36","slug":"7-dnevni-paket-program-za-ciscenje-bubrega","status":"publish","type":"product","link":"https:\/\/www.centarzaprirodnumedicinu.com\/test\/p\/detoks-program-paketi\/7-dnevni-paket-program-za-ciscenje-bubrega\/","title":{"rendered":"7-DNEVNI &#8222;MINI PAKET ZA BUBREGE I BE\u0160IKU&#8220;"},"content":{"rendered":"<p>Ako ste neko ko relativno vodi ra\u010duna o zdravlju i onome \u0161to unosi u svoje telo onda je ovo pravi program za vas. 7.dana je isuvi\u0161e nedovoljan vremenski period da mo\u017eete popraviti sva ve\u0107a o\u0161te\u0107enja na bubrezima ali ako su va\u0161i bubrezi u redu i samo \u017eelite da im pomognete onda 7.dana je dovoljan vremenski period da napravite sjajne rezultate. Ako ste po\u010detnik i nemate puno iskustva sa prirodnom medicinom i tinkturama a imate problema sa bubrezima ili be\u0161ikom onda je kao neki po\u010detak ovo dobar izbor za vas.<\/p>\n<p>Program se sastoji od tri nezavisne tinkture koje se koriste zajedno. Tinktura \u201eDetoks\u201c ima zadatak da razredi krv i o\u010disti krvne sudove, tinktura \u201eCirkulacija\u201c je zadu\u017eena da pokrene i poja\u010da cirkulaciju kroz va\u0161e telo i jetru kao bi se ubrzao proces detoksikacije, tinktura \u201eBubrezi-be\u0161ika\u201c \u0107e regenerisati i oja\u010dati bubrege i be\u0161iku, i uz spomo\u0107 predhodne dve tinkture ubrzati eliminaciju otrova iz krvotoka i urinarnog trakta i izbaciti ih kroz urin napolje.<\/p>\n<p><strong>1.DAN:<\/strong> Popijte 250.ml limunade, 15-30.min nakon toga popijte tinkturu \u201eDetoks\u201c, 15-30.min nakon nje popijte tinkturu \u201eBubrezi-be\u0161ika\u201c a zatim 15-30.min i tinkturu \u201eCirkulacija\u201c. Sve tinkture uzimajte po 80.kapi i postupak ispijanja tinktura ponovite jo\u0161 2.puta na dan.<\/p>\n<p><strong>2.DAN:<\/strong> Popijte 250.ml limunade sa 1\/2 ka\u0161ike doma\u0107eg jabukovog sir\u0107a, 15-30.min nakon toga popijte tinkturu \u201eDetoks\u201c, 15-30.min nakon nje popijte tinkturu \u201eBubrezi-be\u0161ika\u201c a zatim 15-30.min i tinkturu \u201eCirkulacija\u201c. Sve tinkture uzimajte po 80.kapi i postupak ispijanja tinktura ponovite jo\u0161 2.puta na dan.<\/p>\n<p><strong>3.DAN:<\/strong> Popijte 250.ml limunade sa 1 ka\u0161iku doma\u0107eg jabukovog sir\u0107a i 1\/2 kafene ka\u0161i\u010dice meda, 15-30.min nakon toga popijte tinkturu \u201eDetoks\u201c, 15-30.min nakon nje popijte tinkturu \u201eBubrezi-be\u0161ika\u201c a zatim 15-30.min i tinkturu \u201eCirkulacija\u201c. Sve tinkture uzimajte po 80.kapi i postupak ispijanja tinktura ponovite jo\u0161 2.puta na dan.<\/p>\n<p><strong>4.DAN:<\/strong> Popijte 250.ml limunade sa 1,5 ka\u0161ike doma\u0107eg jabukovog sir\u0107a i 1\/2 kafene ka\u0161i\u010dice meda, 15-30.min nakon toga popijte tinkturu \u201eDetoks\u201c, 15-30.min nakon nje popijte tinkturu \u201eBubrezi-be\u0161ika\u201c a zatim 15-30.min i tinkturu \u201eCirkulacija\u201c. Sve tinkture uzimajte po 80.kapi i postupak ispijanja tinktura ponovite jo\u0161 2.puta na dan.<\/p>\n<p><strong>5.DAN:<\/strong> Popijte 250.ml limunade sa 2 ka\u0161i\u010dice doma\u0107eg jabukovog sir\u0107a i 1 kafene ka\u0161i\u010dice meda, 15-30.min nakon toga popijte tinkturu \u201eDetoks\u201c, 15-30.min nakon nje popijte tinkturu \u201eBubrezi-be\u0161ika\u201c a zatim 15-30.min i tinkturu \u201eCirkulacija\u201c. Sve tinkture uzimajte po 80.kapi i postupak ispijanja tinktura ponovite jo\u0161 2.puta na dan.<\/p>\n<p><strong>6.DAN:<\/strong> Popijte 250.ml limunade sa 2,5 ka\u0161i\u010dice doma\u0107eg jabukovog sir\u0107a i 1 kafene ka\u0161i\u010dice meda, 15-30.min nakon toga popijte tinkturu \u201eDetoks\u201c, 15-30.min nakon nje popijte tinkturu \u201eBubrezi-be\u0161ika\u201c a zatim 15-30.min i tinkturu \u201eCirkulacija\u201c. Sve tinkture uzimajte po 80.kapi i postupak ispijanja tinktura ponovite jo\u0161 2.puta na dan.<\/p>\n<p><strong>7.DAN:<\/strong> Popijte 250.ml limunade sa 3 ka\u0161i\u010dice doma\u0107eg jabukovog sir\u0107a i 2 kafene ka\u0161i\u010dice meda, 15-30.min nakon toga popijte tinkturu \u201eDetoks\u201c, 15-30.min nakon nje popijte tinkturu \u201eBubrezi-be\u0161ika\u201c a zatim 15-30.min i tinkturu \u201eCirkulacija\u201c. Sve tinkture uzimajte po 80.kapi i postupak ispijanja tinktura ponovite jo\u0161 2.puta na dan.<\/p>\n<p><strong>NAPOMENA:<\/strong> Ako ste program uradili ta\u010dno po rasporedu, to je odli\u010dno ura\u0111en posao. Ali ako nemate vremena da ujutro popijete limunadu sa sir\u0107etom i medom, program se mo\u017ee uraditi i bez njih. Ali je puno bolje ako mo\u017eete ispo\u0161tovati ovaj re\u017eim. Limunada je sjajan osve\u017eavaju\u0107i tonik koji \u0107e pomo\u0107i u ovom programu za rastvaranje lak\u0161ih oblika toksina u mokra\u0107nim kanalima ili bubrezima, za malo \u010dvr\u0161\u0107e strukture kalcifikacije koristi se jabukovo sir\u0107e koje \u0107e po\u010deti da otapa i kalcifikacije u zglobovima i mi\u0161i\u0107ima i sve to izbaciti van. Med je tu da pobolj\u0161a kiseli ukus ovom toniku.<\/p>\n","protected":false},"excerpt":{"rendered":"<h6>Paket biljnih tinktura za \u010di\u0161\u0107enje bubrega i be\u0161ike u trajanju od 7.dana<\/h6>\n<p>Nedovoljna koli\u010dina unete te\u010dnosti u toku dana, kafa, gazirani napitci, hemikalije od lekova i razne druge supstance koje svakodnevno unosimo u organizam sve to o\u0161te\u0107uje na\u0161e bubrege i usporava njihov rad.\u00a0 Komplet \u201eMini program za bubrege i be\u0161iku\u201c u trajanju od 7.dana je pre svega namenjen zdravim ljudima. Onima koji nemaju te\u017eih problema sa bubrezima i be\u0161ikom ali \u017eele da je odr\u017eavaju u dobrom stanju. Ovaj paket je najbolja prva pomo\u0107 va\u0161im bubrezima i krvnim sudovima da elimini\u0161u i izbace napolje sve zaostale toksine, uradite ovaj program 2-4.puta godi\u0161nje i va\u0161i bubrezi \u0107e vam biti zahvalna na tome.<\/p>\n","protected":false},"featured_media":17312,"comment_status":"open","ping_status":"closed","template":"","meta":[],"product_brand":[],"product_cat":[3601],"product_tag":[],"class_list":{"0":"post-17311","1":"product","2":"type-product","3":"status-publish","4":"has-post-thumbnail","6":"product_cat-detoks-program-paketi","7":"pa_cuvanje-na-sobnoj-temperaturi-na-tamnom-mestu","8":"pa_proizvodnja-centar-za-prirodnu-medicinu","10":"first","11":"instock","12":"sale","13":"shipping-taxable","14":"purchasable","15":"product-type-simple"},"_links":{"self":[{"href":"https:\/\/www.centarzaprirodnumedicinu.com\/test\/wp-json\/wp\/v2\/product\/17311","targetHints":{"allow":["GET"]}}],"collection":[{"href":"https:\/\/www.centarzaprirodnumedicinu.com\/test\/wp-json\/wp\/v2\/product"}],"about":[{"href":"https:\/\/www.centarzaprirodnumedicinu.com\/test\/wp-json\/wp\/v2\/types\/product"}],"replies":[{"embeddable":true,"href":"https:\/\/www.centarzaprirodnumedicinu.com\/test\/wp-json\/wp\/v2\/comments?post=17311"}],"version-history":[{"count":0,"href":"https:\/\/www.centarzaprirodnumedicinu.com\/test\/wp-json\/wp\/v2\/product\/17311\/revisions"}],"wp:featuredmedia":[{"embeddable":true,"href":"https:\/\/www.centarzaprirodnumedicinu.com\/test\/wp-json\/wp\/v2\/media\/17312"}],"wp:attachment":[{"href":"https:\/\/www.centarzaprirodnumedicinu.com\/test\/wp-json\/wp\/v2\/media?parent=17311"}],"wp:term":[{"taxonomy":"product_brand","embeddable":true,"href":"https:\/\/www.centarzaprirodnumedicinu.com\/test\/wp-json\/wp\/v2\/product_brand?post=17311"},{"taxonomy":"product_cat","embeddable":true,"href":"https:\/\/www.centarzaprirodnumedicinu.com\/test\/wp-json\/wp\/v2\/product_cat?post=17311"},{"taxonomy":"product_tag","embeddable":true,"href":"https:\/\/www.centarzaprirodnumedicinu.com\/test\/wp-json\/wp\/v2\/product_tag?post=17311"}],"curies":[{"name":"wp","href":"https:\/\/api.w.org\/{rel}","templated":true}]}}