{"id":14342,"date":"2022-03-03T20:02:17","date_gmt":"2022-03-03T19:02:17","guid":{"rendered":"https:\/\/centarzaprirodnumedicinu.com\/product\/super-hrana-samsonova-snaga\/"},"modified":"2024-10-16T16:26:44","modified_gmt":"2024-10-16T14:26:44","slug":"super-hrana-samsonova-snaga","status":"publish","type":"product","link":"https:\/\/www.centarzaprirodnumedicinu.com\/test\/p\/super-hrana-i-dodaci-u-ishrani\/super-hrana-samsonova-snaga\/","title":{"rendered":"Super hrana SAMSONOVA SNAGA"},"content":{"rendered":"<p><strong>Aktivirajte svaku \u0107eliju u va\u0161em telu sa nutrijentima bogatim:<\/strong><\/p>\n<p>&#8211;\u00a0\u00a0\u00a0\u00a0\u00a0\u00a0\u00a0\u00a0\u00a0 VITAMINIMA<br \/>\n&#8211;\u00a0\u00a0\u00a0\u00a0\u00a0\u00a0\u00a0\u00a0\u00a0 MINERALIMA<br \/>\n&#8211;\u00a0\u00a0\u00a0\u00a0\u00a0\u00a0\u00a0\u00a0\u00a0 HLOROFILOM<br \/>\n&#8211;\u00a0\u00a0\u00a0\u00a0\u00a0\u00a0\u00a0\u00a0\u00a0 ANTIOKSIDANTIMA<\/p>\n<p>Super hrana <strong>SAMSONOVA SNAGA<\/strong> je na bazi bijnih sastojaka i nudi najbolji mogu\u0107i proizvod za va\u0161e optimalno zdravlje.<\/p>\n<p>Ako ste vegeterijanac ili \u010duvar svog zdravlja ili mozda neko ko tra\u017ei samo najbolje kada dodje do proteina bez ikakvih \u0161tetnih i opasnih sinteti\u010dkih hemikalija, aditiva, zasladjiva\u010da i lo\u0161ih sastojaka koji se pojavljuju u 90 % svih komercijalnih proizvoda.<\/p>\n<p>Ukoliko tra\u017eite ne\u0161to od \u010dega ne\u0107ete ose\u0107ati nadutost, stoma\u010dne bolove, gasove i mu\u010dninu, onda je ovaj proizvod koji \u0107e vam staviti osmeh na va\u0161e lice, a u isto vreme \u0107ete podizati nivo va\u0161eg zdravlja.<\/p>\n<p><strong>Karakteristike Super hrane SAMSONOVA SNAGA:<\/strong><\/p>\n<p>&#8211;\u00a0\u00a0\u00a0\u00a0\u00a0\u00a0\u00a0\u00a0\u00a0 Svi sastojci su sirovi<br \/>\n&#8211;\u00a0\u00a0\u00a0\u00a0\u00a0\u00a0\u00a0\u00a0\u00a0 Lako se apsorbuju<br \/>\n&#8211;\u00a0\u00a0\u00a0\u00a0\u00a0\u00a0\u00a0\u00a0\u00a0 Sadr\u017ee svih 8 esencijalnih amino kiselina<br \/>\n&#8211;\u00a0\u00a0\u00a0\u00a0\u00a0\u00a0\u00a0\u00a0\u00a0 Bez rastvara\u010da,GMO, zra\u010denja, ve\u0161ta\u010dkih aroma, ve\u0161ta\u010dkih konzervanasa i ve\u0161ta\u010dkih boja.<br \/>\n&#8211;\u00a0\u00a0\u00a0\u00a0\u00a0\u00a0\u00a0\u00a0\u00a0 Ne sadr\u017ei \u017eivotinjske proizvode,mle\u010dne proizvode, jaja, \u0161e\u0107ere.<br \/>\n&#8211;\u00a0\u00a0\u00a0\u00a0\u00a0\u00a0\u00a0\u00a0\u00a0 Odli\u010dan izvor energije<br \/>\n&#8211;\u00a0\u00a0\u00a0\u00a0\u00a0\u00a0\u00a0\u00a0\u00a0 Bez holesterola<br \/>\n&#8211;\u00a0\u00a0\u00a0\u00a0\u00a0\u00a0\u00a0\u00a0\u00a0 Promovi\u0161e zdrave funkcije bubrega i jetre<br \/>\n&#8211;\u00a0\u00a0\u00a0\u00a0\u00a0\u00a0\u00a0\u00a0\u00a0 Antialergijska hrana<br \/>\n&#8211;\u00a0\u00a0\u00a0\u00a0\u00a0\u00a0\u00a0\u00a0\u00a0 Pobolj\u0161ava mentalnu jasno\u0107u<br \/>\n&#8211;\u00a0\u00a0\u00a0\u00a0\u00a0\u00a0\u00a0\u00a0\u00a0 Odli\u010dan izvor kalcijuma,magnezijuma i gvo\u017edja<br \/>\n&#8211;\u00a0\u00a0\u00a0\u00a0\u00a0\u00a0\u00a0\u00a0\u00a0 Sadr\u017ei Omega masne kiseline koje smanjuju upale, pobolj\u0161ava bolju funkciju ko\u017ee kao i njen izgled, podsti\u010de bolju funkciju i razvoj mozga.<\/p>\n","protected":false},"excerpt":{"rendered":"<p>Prirodna visoko oktanska hrana bogata mineralima i hlorofilom.<\/p>\n","protected":false},"featured_media":13687,"comment_status":"open","ping_status":"closed","template":"","meta":[],"product_brand":[],"product_cat":[3218],"product_tag":[],"class_list":{"0":"post-14342","1":"product","2":"type-product","3":"status-publish","4":"has-post-thumbnail","6":"product_cat-super-hrana-i-dodaci-u-ishrani","7":"pa_cuvanje-na-sobnoj-temperaturi","8":"pa_proizvodnja-centar-za-prirodnu-medicinu","10":"first","11":"instock","12":"purchasable","13":"product-type-simple"},"_links":{"self":[{"href":"https:\/\/www.centarzaprirodnumedicinu.com\/test\/wp-json\/wp\/v2\/product\/14342","targetHints":{"allow":["GET"]}}],"collection":[{"href":"https:\/\/www.centarzaprirodnumedicinu.com\/test\/wp-json\/wp\/v2\/product"}],"about":[{"href":"https:\/\/www.centarzaprirodnumedicinu.com\/test\/wp-json\/wp\/v2\/types\/product"}],"replies":[{"embeddable":true,"href":"https:\/\/www.centarzaprirodnumedicinu.com\/test\/wp-json\/wp\/v2\/comments?post=14342"}],"version-history":[{"count":0,"href":"https:\/\/www.centarzaprirodnumedicinu.com\/test\/wp-json\/wp\/v2\/product\/14342\/revisions"}],"wp:featuredmedia":[{"embeddable":true,"href":"https:\/\/www.centarzaprirodnumedicinu.com\/test\/wp-json\/wp\/v2\/media\/13687"}],"wp:attachment":[{"href":"https:\/\/www.centarzaprirodnumedicinu.com\/test\/wp-json\/wp\/v2\/media?parent=14342"}],"wp:term":[{"taxonomy":"product_brand","embeddable":true,"href":"https:\/\/www.centarzaprirodnumedicinu.com\/test\/wp-json\/wp\/v2\/product_brand?post=14342"},{"taxonomy":"product_cat","embeddable":true,"href":"https:\/\/www.centarzaprirodnumedicinu.com\/test\/wp-json\/wp\/v2\/product_cat?post=14342"},{"taxonomy":"product_tag","embeddable":true,"href":"https:\/\/www.centarzaprirodnumedicinu.com\/test\/wp-json\/wp\/v2\/product_tag?post=14342"}],"curies":[{"name":"wp","href":"https:\/\/api.w.org\/{rel}","templated":true}]}}