{"id":14339,"date":"2022-03-03T20:02:08","date_gmt":"2022-03-03T19:02:08","guid":{"rendered":"https:\/\/centarzaprirodnumedicinu.com\/product\/imuno-za-decu\/"},"modified":"2025-06-02T18:15:11","modified_gmt":"2025-06-02T16:15:11","slug":"imuno-za-decu","status":"publish","type":"product","link":"https:\/\/www.centarzaprirodnumedicinu.com\/test\/p\/biljne-tinkture\/biljne-tinkture-po-receptu-ricarda-sulca\/imuno-za-decu\/","title":{"rendered":"IMUNO ZA DECU"},"content":{"rendered":"<p><strong>SASTAV:<\/strong><br \/>\n<strong>\u2013 Sve\u017ei koren ehinacee <\/strong><em>(Echinacea purpurea)<\/em><\/p>\n<p><strong>KAKO OVA FORMULA DELUJE?<br \/>\n<\/strong>Ehinacea je biljka koja dvojako deluje, prva stvar je ta da je da ona vidno povec\u0301ava broj imunih c\u0301elija u ljudskom telu, pa tako isto i u telu deteta, kao \u0161to su <strong>makrofage<\/strong>, <strong>\u0107elije ubice<\/strong> ili <strong>T c\u0301elije<\/strong>, <strong>B c\u0301elije<\/strong>, granulociti i druge va\u017ene imunolo\u0161ke hemikalije koje se bore protiv bakterija, virusa, <strong>infekcija<\/strong> i <strong>bolesti<\/strong>. Drugo stvar, formula za imunitet tako\u0111e stimuli\u0161e ove imunolo\u0161ke c\u0301elije da povec\u0301aju nivo svoje aktivnosti. Poznato je da echinacea zna\u010dajno povec\u0301ava <strong>moguc\u0301nost <a href=\"https:\/\/sr.m.wikipedia.org\/sr\/Fagocit\" target=\"_blank\" rel=\"noopener\">fagocitoze<\/a><\/strong> &#8211; odnosno mehanizam u kome krvna zrnca bolje i br\u017ee uni\u0161tavaju \u0161tetne mikroorganizme.<\/p>\n<p><strong>ZA\u0160TO TREBA DA IMATE OVU TINKTURU?<br \/>\n<\/strong>Ve\u0107 smo spomenuli da nemo\u017eete uvek i od svih okolnosti za\u0161tititi va\u0161e dete od lo\u0161e hrane i pi\u0107a i od prisustva na mestima gde je mogu\u0107e da ima druge prehla\u0111ene dece (\u0161kola, posete, itd). Ali ono \u0161to zasigurno mo\u017eete jeste da \u0161to vi\u0161e vodite ra\u010duna o tome da se u jelovniku va\u0161eg deteta nalazi \u0161to vi\u0161e<strong> zdrave hrane<\/strong>, da pije dovoljno <strong>te\u010dnosti<\/strong> i da redovno preventivno uzima biljnu formulu za ja\u010danje imuniteta. Ako se ove jednostavne stvari budu redovno primenjivale i pre\u0111u u rutinu vama i va\u0161em detetu, ne\u0107e biti potrebe da strahujete za zdravlje va\u0161ih mali\u0161ana.<\/p>\n","protected":false},"excerpt":{"rendered":"<h6>Biljna tinktura po receptu Ri\u010darda \u0160ulca za ja\u010denje imuniteta kod dece<\/h6>\n<p>Kod dece je uvek va\u017eilo pravilo &#8222;<em>bolje spre\u010diti nego le\u010diti<\/em>&#8222;, ne samo kada je zdravlje u pitanju ve\u0107 i <strong>vaspitanje<\/strong>. Deca<strong> nemaju veliku svest<\/strong> o tome \u0161ta je zdravo a \u0161ta ne, ona ne razmi\u0161ljaju racionalno kao odrasli niti imaju strah od bolesti. Zato \u0107e dete rado pojesti neki ukusan kola\u010d, \u010dokoladu ili grickalicu ako mu se uka\u017ee prilika. Sve te stvari \u0107e uticati da detetu slabi imuni sistem, ali ponekad prosto ne mo\u017eete za\u0161tititi dete da ne pojede ne\u0161to \u0161to ne bi trebalo ili da ne bude u dru\u0161tvu druge <strong>prehla\u0111ene dece<\/strong>. Zato je potreba da povremeno uti\u010dete na<strong> ja\u010danje imuniteta<\/strong> kod dece, biljna formula &#8222;imuno za decu&#8220; je sasvim dovoljna da budete sigurni da \u0107e dete odr\u017eavati pravilan imunitet i razvijati op\u0161tu imunolo\u0161ku otpornost.<\/p>\n","protected":false},"featured_media":25461,"comment_status":"open","ping_status":"closed","template":"","meta":[],"product_brand":[],"product_cat":[3610],"product_tag":[3624,3618,3683,3620,3619,3636,3673],"class_list":{"0":"post-14339","1":"product","2":"type-product","3":"status-publish","4":"has-post-thumbnail","6":"product_cat-biljne-tinkture-po-receptu-ricarda-sulca","7":"product_tag-biljne-tinkture","8":"product_tag-biljne-tinkture-ricarda-sulca","9":"product_tag-deca","10":"product_tag-ehinacea","11":"product_tag-imunitet","12":"product_tag-prehlada","13":"product_tag-upala","14":"pa_cuvanje-na-sobnoj-temperaturi-na-tamnom-mestu","15":"pa_nacin-upotrebe-od-1-do-15-kapi-po-kilogramu-telesne-mase-deteta-ako-vam-dete-tezi-10-kg-dacete-mu-od-10-15-kapi-tinkture-3-6-puta-na-dan-u-zavisnosti-od-potrebe","16":"pa_period-trajanja-ako-se-uzima-po-40-kapi-3-puta-dnevno-tinktura-moze-trajati-14-dana","17":"pa_period-upotrebe-za-najbolji-preventivni-efekat-tnkturu-uzimati-u-periodu-30-dana-prve-dve-sedmice-se-uzima-bez-pauze-treca-sedmica-je-pauza-i-cetvrte-sedmice-se-opet-uzima-bez-prekida","18":"pa_proizvodnja-centar-za-prirodnu-medicinu","19":"pa_zapremina-50-ml","21":"first","22":"instock","23":"purchasable","24":"product-type-simple"},"_links":{"self":[{"href":"https:\/\/www.centarzaprirodnumedicinu.com\/test\/wp-json\/wp\/v2\/product\/14339","targetHints":{"allow":["GET"]}}],"collection":[{"href":"https:\/\/www.centarzaprirodnumedicinu.com\/test\/wp-json\/wp\/v2\/product"}],"about":[{"href":"https:\/\/www.centarzaprirodnumedicinu.com\/test\/wp-json\/wp\/v2\/types\/product"}],"replies":[{"embeddable":true,"href":"https:\/\/www.centarzaprirodnumedicinu.com\/test\/wp-json\/wp\/v2\/comments?post=14339"}],"version-history":[{"count":3,"href":"https:\/\/www.centarzaprirodnumedicinu.com\/test\/wp-json\/wp\/v2\/product\/14339\/revisions"}],"predecessor-version":[{"id":23236,"href":"https:\/\/www.centarzaprirodnumedicinu.com\/test\/wp-json\/wp\/v2\/product\/14339\/revisions\/23236"}],"wp:featuredmedia":[{"embeddable":true,"href":"https:\/\/www.centarzaprirodnumedicinu.com\/test\/wp-json\/wp\/v2\/media\/25461"}],"wp:attachment":[{"href":"https:\/\/www.centarzaprirodnumedicinu.com\/test\/wp-json\/wp\/v2\/media?parent=14339"}],"wp:term":[{"taxonomy":"product_brand","embeddable":true,"href":"https:\/\/www.centarzaprirodnumedicinu.com\/test\/wp-json\/wp\/v2\/product_brand?post=14339"},{"taxonomy":"product_cat","embeddable":true,"href":"https:\/\/www.centarzaprirodnumedicinu.com\/test\/wp-json\/wp\/v2\/product_cat?post=14339"},{"taxonomy":"product_tag","embeddable":true,"href":"https:\/\/www.centarzaprirodnumedicinu.com\/test\/wp-json\/wp\/v2\/product_tag?post=14339"}],"curies":[{"name":"wp","href":"https:\/\/api.w.org\/{rel}","templated":true}]}}