{"id":14333,"date":"2022-03-03T20:02:08","date_gmt":"2022-03-03T19:02:08","guid":{"rendered":"https:\/\/centarzaprirodnumedicinu.com\/product\/krv\/"},"modified":"2025-06-02T20:56:25","modified_gmt":"2025-06-02T18:56:25","slug":"krv","status":"publish","type":"product","link":"https:\/\/www.centarzaprirodnumedicinu.com\/test\/p\/biljne-tinkture\/biljne-tinkture-po-receptu-ricarda-sulca\/krv\/","title":{"rendered":"KRV"},"content":{"rendered":"<p><strong>SASTAV:<\/strong><br \/>\n<strong>\u2013 Cvet crvene deteline <\/strong>(<em>Trifolium pratense<\/em>)<br \/>\n<strong>\u2013 Imela <\/strong>(<em><span class=\"LrzXr kno-fv wHYlTd z8gr9e\">Viscum album<\/span><\/em>)<br \/>\n<strong>\u2013 Koren \u0161tavelja <\/strong>(<em>Rumex\u00a0crispus<\/em>)<br \/>\n<strong>\u2013 Sve\u017ei beli luk <\/strong>(<em>Allium sativum<\/em>)<br \/>\n<strong>\u2013 Ljuta, \u010dili paprika\u00a0 <\/strong><em>(Capsicum annuum)<\/em><\/p>\n<p><strong>KAKO OVA FORMULA DELUJE?<br \/>\n<\/strong>Biljke u ovoj formuli su klasi\u010dni i tradicionalni <strong>\u010dista\u010di krvi<\/strong> i limfe, i to je jedan od najva\u017enijih razloga za\u0161to se ova formula koristi u skoro svakom programu prirodnog le\u010denja za lak\u0161e bolesti. Dok <strong>beli luk<\/strong> u kombinaciji sa <strong>crvenom detelinom<\/strong> <strong>razre\u0111uje<\/strong> krv i <strong>sni\u017eava nivo holesterola<\/strong> i visokog pritiska <strong>ljuta paprika<\/strong> deluje na ja\u010danje <strong>cirkulacije<\/strong> kroz telo i ubrzanje metaboli\u010dkih procesa, biljke poput <strong>imele<\/strong> i <strong>\u0161tavelja<\/strong> za to vreme igraju aktivnu ulogu &#8222;<strong>\u010dista\u010di<\/strong>&#8220; krvi i limfe.<\/p>\n<p><strong>ZA\u0160TO TREBA DA IMATE OVU TINKTURU?<br \/>\n<\/strong>Ovo je veoma va\u017ena tinktura u prirodnom le\u010denju za \u010di\u0161\u0107enje koja otklanja nagomilane <strong>toksine i otrove<\/strong> iz krvi, telesnih masti i c\u0301elija. Kada bi se ova formula redovno koristila u svakodnevnom \u017eivotu zna\u010dajno bi se smanjio <strong>rizik od sr\u010danih udara i \u0161loga<\/strong>. Naravno nikako ne treba zaboraviti op\u0161ti uticaj ishrane. Pored toga \u0161to ova formula razre\u0111uje krv ona i ja\u010da cirkulaciju te tako blagotvorno deluje na ceo <strong>kardio-vaskularni sistem<\/strong>.<\/p>\n","protected":false},"excerpt":{"rendered":"<h6>Biljna tinktura po receptu Ri\u010darda \u0160ulca za \u010di\u0161\u0107enje krvnih sudova<\/h6>\n<p>Tinktura &#8222;Krv&#8220; predstavlja bla\u017ei oblik formule &#8222;<strong>Detox<\/strong>&#8220; i namenjena je za bla\u017ea stanja i preventivu. Odli\u010dno deluje na <strong>srce<\/strong>, <strong>krv<\/strong> i <strong>krvne sudove<\/strong> pa se mo\u017ee koristiti kod problema sa <strong>gojazno\u0161\u0107u<\/strong>, <strong>trombocitima<\/strong>, visokim <strong>pritiskom<\/strong>, za ja\u010danje <strong>cirkulacije<\/strong>, za op\u0161te pro\u010di\u0161\u0107avanje krvnih sudova itd.<\/p>\n","protected":false},"featured_media":25468,"comment_status":"open","ping_status":"closed","template":"","meta":[],"product_brand":[],"product_cat":[3610],"product_tag":[3634,3624,3618,3637,3640,3641,3692,3622,3645],"class_list":{"0":"post-14333","1":"product","2":"type-product","3":"status-publish","4":"has-post-thumbnail","6":"product_cat-biljne-tinkture-po-receptu-ricarda-sulca","7":"product_tag-beli-luk","8":"product_tag-biljne-tinkture","9":"product_tag-biljne-tinkture-ricarda-sulca","10":"product_tag-cirkulacija","11":"product_tag-ciscenje-krvi","12":"product_tag-crvena-detelina","13":"product_tag-imela","14":"product_tag-ljuta-paprika","15":"product_tag-stavelj","16":"pa_cuvanje-na-sobnoj-temperaturi-na-tamnom-mestu","17":"pa_nacin-upotrebe-od-80-kapi-3-puta-dnevno-do-160-kapi-6-puta-dnevno-promuckati-pre-upotrebe","18":"pa_period-trajanja-ako-se-uzima-po-80-kapi-3-puta-dnevno-tinktura-moze-trajati-7-dana","19":"pa_period-upotrebe-za-najbolji-preventivni-efekat-tnkturu-uzimati-14-30-dana-kod-tezih-oboljenja-30-90-dana","20":"pa_proizvodnja-centar-za-prirodnu-medicinu","21":"pa_zapremina-50-ml","23":"first","24":"instock","25":"purchasable","26":"product-type-simple"},"_links":{"self":[{"href":"https:\/\/www.centarzaprirodnumedicinu.com\/test\/wp-json\/wp\/v2\/product\/14333","targetHints":{"allow":["GET"]}}],"collection":[{"href":"https:\/\/www.centarzaprirodnumedicinu.com\/test\/wp-json\/wp\/v2\/product"}],"about":[{"href":"https:\/\/www.centarzaprirodnumedicinu.com\/test\/wp-json\/wp\/v2\/types\/product"}],"replies":[{"embeddable":true,"href":"https:\/\/www.centarzaprirodnumedicinu.com\/test\/wp-json\/wp\/v2\/comments?post=14333"}],"version-history":[{"count":1,"href":"https:\/\/www.centarzaprirodnumedicinu.com\/test\/wp-json\/wp\/v2\/product\/14333\/revisions"}],"predecessor-version":[{"id":23240,"href":"https:\/\/www.centarzaprirodnumedicinu.com\/test\/wp-json\/wp\/v2\/product\/14333\/revisions\/23240"}],"wp:featuredmedia":[{"embeddable":true,"href":"https:\/\/www.centarzaprirodnumedicinu.com\/test\/wp-json\/wp\/v2\/media\/25468"}],"wp:attachment":[{"href":"https:\/\/www.centarzaprirodnumedicinu.com\/test\/wp-json\/wp\/v2\/media?parent=14333"}],"wp:term":[{"taxonomy":"product_brand","embeddable":true,"href":"https:\/\/www.centarzaprirodnumedicinu.com\/test\/wp-json\/wp\/v2\/product_brand?post=14333"},{"taxonomy":"product_cat","embeddable":true,"href":"https:\/\/www.centarzaprirodnumedicinu.com\/test\/wp-json\/wp\/v2\/product_cat?post=14333"},{"taxonomy":"product_tag","embeddable":true,"href":"https:\/\/www.centarzaprirodnumedicinu.com\/test\/wp-json\/wp\/v2\/product_tag?post=14333"}],"curies":[{"name":"wp","href":"https:\/\/api.w.org\/{rel}","templated":true}]}}