{"id":14322,"date":"2022-03-03T20:02:08","date_gmt":"2022-03-03T19:02:08","guid":{"rendered":"https:\/\/centarzaprirodnumedicinu.com\/product\/prostata\/"},"modified":"2025-06-08T10:13:15","modified_gmt":"2025-06-08T08:13:15","slug":"prostata","status":"publish","type":"product","link":"https:\/\/www.centarzaprirodnumedicinu.com\/test\/p\/biljne-tinkture\/biljne-tinkture-po-receptu-ricarda-sulca\/prostata\/","title":{"rendered":"PROSTATA"},"content":{"rendered":"<p><strong>SASTAV:<\/strong><br \/>\n<strong>\u2013 List Uve<\/strong>\u00a0(<em>Arctostaphylos uva-ursi<\/em>)<br \/>\n<strong>\u2013 Bobice kleke<\/strong>\u00a0(<em>Juniperus communis<\/em>)<br \/>\n<strong>\u2013 Kukuruzna svila<\/strong>\u00a0(<em>Zea mays L. (Poaceae)<\/em>)<br \/>\n<strong>\u2013 Testerasta palma<\/strong> (<em>Serenoa repens<\/em>)<br \/>\n<strong>\u2013 Afti\u010dka \u0161ljiva<\/strong> (<em>Prunus africana<\/em>)<br \/>\n<strong>\u2013 Koren koprive<\/strong> (<em>Urtica dioica<\/em>)<\/p>\n<p><strong>KAKO OVA FORMULA DELUJE?<br \/>\n<\/strong>Biljke u ovoj formuli poput uve, kukuruzne svile i koprive prirodno podsti\u010du<strong> protok urina<\/strong> dok biljke poput testeraste palme i afri\u010dke \u0161ljive odr\u017eavaju normalnu <strong>veli\u010dinu prostate<\/strong>. Veoma je va\u017eno napomenuti da pored upotrebe biljne tinkture za prostatu savetuje se i veganska ishrana, koja smanjuje upalne procese i uvec\u0301anje prostate. <strong>Program veganske ishrane<\/strong> je od velikog zna\u010daja. To nije moralno pitanje, ve\u0107 nau\u010dno. Uzgajiva\u010di stoke i farmeri ubrizgavaju u krave i pili\u0107e <strong>steroide i hormone rasta<\/strong> da bi \u017eivotinje bile ve\u0107e i imale vi\u0161e mesa i ba\u0161 ti hormoni rasta i steroidi su ono \u0161to mi stvaramo tokom puberteta. Oni stimuli\u0161u rast mu\u0161kih polnih organa i prostate, tako\u0111e oni su direktno povezani sa izazivanjem raka prostate.<\/p>\n<p><strong>ZA\u0160TO TREBA DA IMATE OVU TINKTURU?<br \/>\n<\/strong>Danas se procenjuje da \u0107e se kod 80% mu\u0161karaca razviti neki oblik uvec\u0301ane prostate. Ova biljna formula nikada nije podbacila u pomo\u0107i mu\u0161karcima oko zdravlja njihove prostate, Ona omogu\u0107uje da mogu <strong>lak\u0161e da spavaju tokom no\u0107i<\/strong> bez bu\u0111enja i odlaska u toalet. Procenjuje se da prose\u010dan mu\u0161karac koji ima probleme sa prostatom mora da ustane dva ili tri puta da ide do toaleta. Kada je prostata uve\u0107ana ili bolesna mlaz urina je slab, tako\u0111e postoje problemi sa ja\u010dinom samog mlaza i protokom. Pored programa <a href=\"https:\/\/sr.m.wikipedia.org\/sr\/Veganizam\" target=\"_blank\" rel=\"noopener\"><strong>veganske ishrane<\/strong><\/a> i upotreba osnovnih biljnih tinktura za ja\u010danje organizma, biljna formula &#8222;<strong>Prostata<\/strong>&#8220; vam mo\u017ee biti od velike koristi u odr\u017eavanju zdrave prostate.<\/p>\n","protected":false},"excerpt":{"rendered":"<h6>Biljna tinktura po receptu Ri\u010darda \u0160ulca\u00a0 za pobolj\u0161anje rada prostate<\/h6>\n<p>Svaki mu\u0161karac iznd 40 godina koji \u017eeli da odr\u017ei zdravu prostatu treba da uzima 40 kapi tinkture &#8222;<strong>Prostata<\/strong>&#8220; tri puta dnevno, dok se bo\u010dica ne potro\u0161i. Radite ovo 30-dana uzastopno, bar jednom godi\u0161nje. \u00a0Svako ko ima znake i simptome uve\u0107ane prostate (slab protok urina ili <strong>\u010deste odlaske u toalet<\/strong> u sred noc\u0301i) treba uzimati od 80 kapi tri puta dnevno tokom tri \u00a0meseca za redom, u tom periodu jedite samo vegetarijansku hranu.\u00a0 U tom periodu po\u017eeljno je tako\u0111e uraditi jedan 30-dnevni program \u010di\u0161\u0107enja organizma.<\/p>\n","protected":false},"featured_media":25532,"comment_status":"open","ping_status":"closed","template":"","meta":[],"product_brand":[],"product_cat":[3610],"product_tag":[3668,3624,3618,3664,3667,3665,3662,3661,3666,3663],"class_list":{"0":"post-14322","1":"product","2":"type-product","3":"status-publish","4":"has-post-thumbnail","6":"product_cat-biljne-tinkture-po-receptu-ricarda-sulca","7":"product_tag-africka-sljiva","8":"product_tag-biljne-tinkture","9":"product_tag-biljne-tinkture-ricarda-sulca","10":"product_tag-kleka","11":"product_tag-kopriva","12":"product_tag-kukuruzna-svila","13":"product_tag-mokracni-kanali","14":"product_tag-prostata","15":"product_tag-testerasta-palma","16":"product_tag-uva","17":"pa_cuvanje-na-sobnoj-temperaturi-na-tamnom-mestu","18":"pa_nacin-upotrebe-od-80-kapi-3-puta-dnevno-do-160-kapi-6-puta-dnevno-promuckati-pre-upotrebe","19":"pa_period-trajanja-ako-se-uzima-po-80-kapi-3-puta-dnevno-tinktura-moze-trajati-7-dana","20":"pa_period-upotrebe-za-najbolji-preventivni-efekat-tnkturu-uzimati-najmanje-30-dana-kod-tezih-oboljenja-i-do-90-dana","21":"pa_proizvodnja-centar-za-prirodnu-medicinu","22":"pa_zapremina-50-ml","24":"first","25":"instock","26":"purchasable","27":"product-type-simple"},"_links":{"self":[{"href":"https:\/\/www.centarzaprirodnumedicinu.com\/test\/wp-json\/wp\/v2\/product\/14322","targetHints":{"allow":["GET"]}}],"collection":[{"href":"https:\/\/www.centarzaprirodnumedicinu.com\/test\/wp-json\/wp\/v2\/product"}],"about":[{"href":"https:\/\/www.centarzaprirodnumedicinu.com\/test\/wp-json\/wp\/v2\/types\/product"}],"replies":[{"embeddable":true,"href":"https:\/\/www.centarzaprirodnumedicinu.com\/test\/wp-json\/wp\/v2\/comments?post=14322"}],"version-history":[{"count":2,"href":"https:\/\/www.centarzaprirodnumedicinu.com\/test\/wp-json\/wp\/v2\/product\/14322\/revisions"}],"predecessor-version":[{"id":23252,"href":"https:\/\/www.centarzaprirodnumedicinu.com\/test\/wp-json\/wp\/v2\/product\/14322\/revisions\/23252"}],"wp:featuredmedia":[{"embeddable":true,"href":"https:\/\/www.centarzaprirodnumedicinu.com\/test\/wp-json\/wp\/v2\/media\/25532"}],"wp:attachment":[{"href":"https:\/\/www.centarzaprirodnumedicinu.com\/test\/wp-json\/wp\/v2\/media?parent=14322"}],"wp:term":[{"taxonomy":"product_brand","embeddable":true,"href":"https:\/\/www.centarzaprirodnumedicinu.com\/test\/wp-json\/wp\/v2\/product_brand?post=14322"},{"taxonomy":"product_cat","embeddable":true,"href":"https:\/\/www.centarzaprirodnumedicinu.com\/test\/wp-json\/wp\/v2\/product_cat?post=14322"},{"taxonomy":"product_tag","embeddable":true,"href":"https:\/\/www.centarzaprirodnumedicinu.com\/test\/wp-json\/wp\/v2\/product_tag?post=14322"}],"curies":[{"name":"wp","href":"https:\/\/api.w.org\/{rel}","templated":true}]}}