{"id":14319,"date":"2022-03-03T20:01:58","date_gmt":"2022-03-03T19:01:58","guid":{"rendered":"https:\/\/centarzaprirodnumedicinu.com\/product\/grlo\/"},"modified":"2025-06-03T10:06:29","modified_gmt":"2025-06-03T08:06:29","slug":"grlo","status":"publish","type":"product","link":"https:\/\/www.centarzaprirodnumedicinu.com\/test\/p\/biljne-tinkture\/biljne-tinkture-po-receptu-ricarda-sulca\/grlo\/","title":{"rendered":"GRLO"},"content":{"rendered":"<p><strong>SASTAV:<br \/>\n&#8211; Koren Ehinacee<\/strong> (<em>Echinacea purpurea<\/em>)<strong><br \/>\n&#8211; Beli luk<\/strong> (<em>Allium sativum<\/em>)<strong><br \/>\n&#8211; Ljuta paprika <\/strong>(<em>Capsicum annuum<\/em>)<strong><br \/>\n&#8211; Nana list <\/strong>(<em>Mentha<\/em>)<strong><br \/>\n&#8211; Eteri\u010dno ulje mente<\/strong> (<em>Mentha<\/em>)<\/p>\n<p><strong>KAKO OVA FORMULA RADI<br \/>\n<\/strong>Sprej za grlo i krajnike je najbolji na\u010din da se branimo od <strong>mikroorganizama<\/strong>. Ova formula \u0107e tako\u0111e da <strong>ohladi<\/strong> i <strong>umiri<\/strong> grlo i krajnike, odmah! Na prvi znak sezonskog napada mikroorganizama, isperite grlo i progutajte ovu formulu da ugasi vatru! <strong>Ehinacea\u00a0<\/strong>u kombinaciji sa\u00a0<strong>belim lukom<\/strong>, najja\u010dim prirodnim antibiotikom, \u010dini sna\u017ean tandem koji posti\u017ee odli\u010dne rezultate u ja\u010danju imunog sistema i uni\u0161tavanju svih \u0161tetnih mikroorganizama.\u00a0<strong>Nana<\/strong>, bogata etarskim uljima, osve\u017eava i hladi obolelo podru\u010dje deluju\u0107i kao <strong>antiseptik<\/strong>, najvi\u0161e zahvaljuju\u0107i <a href=\"https:\/\/sr.m.wikipedia.org\/sr-ec\/Mentol\" target=\"_blank\" rel=\"noopener\"><strong>mentolu<\/strong> <\/a>koji je njen sastavni deo.<\/p>\n<p><strong>ZA\u0160TO TREBATE DA JE NAPRAVITE<br \/>\n<\/strong>Lekari se sla\u017eu da grip i vec\u0301ina prehlada po\u010dinje u va\u0161im sinusima i grlu. Potom, <strong>kaplji\u010dna infekcija<\/strong> se sliva nadole i <strong>inficira pluc\u0301a<\/strong>, i vi zaista postanete bolesni. Ako mo\u017eete zaustaviti infekciju rano &#8211; dok je jo\u0161 u grlu &#8211; vi c\u0301ete sebe po\u0161tedeti mnogo bola i patnje. Biljna formula &#8222;<strong>Grlo<\/strong>&#8220; vam daje ono \u0161to vam je potrebno de se va\u0161e telo prirodnim putem bori protiv <strong>prehlade<\/strong> i <strong>gripa<\/strong>.<\/p>\n","protected":false},"excerpt":{"rendered":"<h6>Biljna tinktura po receptu Ri\u010darda \u0160ulca za krajnike i grlo u vidu spreja<\/h6>\n<p>Krajnici i tre\u0107i krajnik su <strong>deo va\u0161eg imunog sistema<\/strong>. Kada su ote\u010deni ili upaljeni, to zna\u010di da su napadnuti od strane nekih \u0161tetnih <strong>mikroorganizama<\/strong>, i da je va\u0161 imuni sistem u akciji (odbrane). Savremene medicinske knjige nagla\u0161avaju va\u017enost krajnika u odr\u017eavanju imuniteta, i iznose argumente protiv va\u0111enja krjanika. Mo\u017eda je u nekim situacijama to i neophodno ali u ve\u0107ini situacija mo\u017eemo spasiti na\u0161e krajnike. Ovo je jedna od najbr\u017ee deluju\u0107ih formula kod <strong>upae grla<\/strong> tokom prehlade kada su prisutni bol u grlu i ote\u017eano gutanje.<\/p>\n","protected":false},"featured_media":25484,"comment_status":"open","ping_status":"closed","template":"","meta":[],"product_brand":[],"product_cat":[3610],"product_tag":[3634,3624,3618,3658,3620,3682,3678,3681,3680,3622,3649,3636,3679,3673],"class_list":{"0":"post-14319","1":"product","2":"type-product","3":"status-publish","4":"has-post-thumbnail","6":"product_cat-biljne-tinkture-po-receptu-ricarda-sulca","7":"product_tag-beli-luk","8":"product_tag-biljne-tinkture","9":"product_tag-biljne-tinkture-ricarda-sulca","10":"product_tag-dezinfekcija","11":"product_tag-ehinacea","12":"product_tag-grip","13":"product_tag-grlo","14":"product_tag-infekcija","15":"product_tag-krajnici","16":"product_tag-ljuta-paprika","17":"product_tag-nana","18":"product_tag-prehlada","19":"product_tag-sprej","20":"product_tag-upala","21":"pa_cuvanje-na-tamnom-i-hladnom-mestu","22":"pa_nacin-upotrebe-od-4-do-6-puta-dnevno-naprskati-u-par-navrata-predeo-grla-i-krajnika-ukoliko-postoji-jaka-akutna-infekcija-formulu-mozete-koristiti-na-svakih-30-do-60-minuta-pre-upotrebe-promuckati-sadrzaj-bocice","23":"pa_period-trajanja-u-zavisnoti-od-koriscenja-tinktura-moze-potrajati-i-do-30-dana","24":"pa_period-upotrebe-za-najbolji-preventivni-efekat-tnkturu-uzimati-7-14-dana-kod-tezih-oboljenja-30-90-dana","25":"pa_proizvodnja-centar-za-prirodnu-medicinu","26":"pa_zapremina-50-ml","28":"first","29":"instock","30":"purchasable","31":"product-type-simple"},"_links":{"self":[{"href":"https:\/\/www.centarzaprirodnumedicinu.com\/test\/wp-json\/wp\/v2\/product\/14319","targetHints":{"allow":["GET"]}}],"collection":[{"href":"https:\/\/www.centarzaprirodnumedicinu.com\/test\/wp-json\/wp\/v2\/product"}],"about":[{"href":"https:\/\/www.centarzaprirodnumedicinu.com\/test\/wp-json\/wp\/v2\/types\/product"}],"replies":[{"embeddable":true,"href":"https:\/\/www.centarzaprirodnumedicinu.com\/test\/wp-json\/wp\/v2\/comments?post=14319"}],"version-history":[{"count":1,"href":"https:\/\/www.centarzaprirodnumedicinu.com\/test\/wp-json\/wp\/v2\/product\/14319\/revisions"}],"predecessor-version":[{"id":25483,"href":"https:\/\/www.centarzaprirodnumedicinu.com\/test\/wp-json\/wp\/v2\/product\/14319\/revisions\/25483"}],"wp:featuredmedia":[{"embeddable":true,"href":"https:\/\/www.centarzaprirodnumedicinu.com\/test\/wp-json\/wp\/v2\/media\/25484"}],"wp:attachment":[{"href":"https:\/\/www.centarzaprirodnumedicinu.com\/test\/wp-json\/wp\/v2\/media?parent=14319"}],"wp:term":[{"taxonomy":"product_brand","embeddable":true,"href":"https:\/\/www.centarzaprirodnumedicinu.com\/test\/wp-json\/wp\/v2\/product_brand?post=14319"},{"taxonomy":"product_cat","embeddable":true,"href":"https:\/\/www.centarzaprirodnumedicinu.com\/test\/wp-json\/wp\/v2\/product_cat?post=14319"},{"taxonomy":"product_tag","embeddable":true,"href":"https:\/\/www.centarzaprirodnumedicinu.com\/test\/wp-json\/wp\/v2\/product_tag?post=14319"}],"curies":[{"name":"wp","href":"https:\/\/api.w.org\/{rel}","templated":true}]}}