{"id":14299,"date":"2022-03-03T20:01:49","date_gmt":"2022-03-03T19:01:49","guid":{"rendered":"https:\/\/centarzaprirodnumedicinu.com\/product\/vakcine-novi-genocid\/"},"modified":"2023-12-21T16:04:54","modified_gmt":"2023-12-21T15:04:54","slug":"vakcine-novi-genocid","status":"publish","type":"product","link":"https:\/\/www.centarzaprirodnumedicinu.com\/test\/p\/knjige\/vakcine-novi-genocid\/","title":{"rendered":"Vakcine novi genocid"},"content":{"rendered":"<p>Neka deca dobro podnesu vakcine, neka slabije sa lak\u0161im ili te\u017eim posledicama, a neka umiru od njih. Vakcine su dizajnirane tako da ne sadrzi svako pakovanje jedne vakcine iste opasne materije.<\/p>\n<p>Pakovanja istih vakcina su razli\u010dita. One deluju kao Ruski rulet: ne ubija svaka. Tek po neka. \u010cesto sa odlo\u017eenim dejstvom. Pri tome se skre\u0107e pa\u017enja sa glavne opasnosti, a to nisu samo \u017eivi i umrtvljeni virusi najtezih bolesti, nego i pomo\u0107ne hemikalije koje ih odr\u017eavaju a koje su pune najtezih otrova (ziva, aluminjum, formaldehid, formalin, konzervansi, antifriz&#8230;)<\/p>\n<p>O njima se ne govori. Kada se ubrizgaju u telo oni se razdvajaju od virusa i deluju sami za sebe. U nastavku knjige se govori o svakoj vakcini pojedina\u010dno, kako se pravi i koje su njene posledice. . .<\/p>\n","protected":false},"excerpt":{"rendered":"<p>Neka deca dobro podnesu vakcine, neka slabije sa lak\u0161im ili te\u017eim posledicama, a neka umiru od njih. Vakcine su dizajnirane<\/p>\n","protected":false},"featured_media":13644,"comment_status":"open","ping_status":"closed","template":"","meta":[],"product_brand":[],"product_cat":[3213],"product_tag":[],"class_list":{"0":"post-14299","1":"product","2":"type-product","3":"status-publish","4":"has-post-thumbnail","6":"product_cat-knjige","7":"pa_autor-vens-ferel","8":"pa_broj-strana-3316","9":"pa_download-naziv-3318","10":"pa_format-a5-21-x-145-cm","12":"first","13":"outofstock","14":"purchasable","15":"product-type-simple"},"_links":{"self":[{"href":"https:\/\/www.centarzaprirodnumedicinu.com\/test\/wp-json\/wp\/v2\/product\/14299","targetHints":{"allow":["GET"]}}],"collection":[{"href":"https:\/\/www.centarzaprirodnumedicinu.com\/test\/wp-json\/wp\/v2\/product"}],"about":[{"href":"https:\/\/www.centarzaprirodnumedicinu.com\/test\/wp-json\/wp\/v2\/types\/product"}],"replies":[{"embeddable":true,"href":"https:\/\/www.centarzaprirodnumedicinu.com\/test\/wp-json\/wp\/v2\/comments?post=14299"}],"version-history":[{"count":0,"href":"https:\/\/www.centarzaprirodnumedicinu.com\/test\/wp-json\/wp\/v2\/product\/14299\/revisions"}],"wp:featuredmedia":[{"embeddable":true,"href":"https:\/\/www.centarzaprirodnumedicinu.com\/test\/wp-json\/wp\/v2\/media\/13644"}],"wp:attachment":[{"href":"https:\/\/www.centarzaprirodnumedicinu.com\/test\/wp-json\/wp\/v2\/media?parent=14299"}],"wp:term":[{"taxonomy":"product_brand","embeddable":true,"href":"https:\/\/www.centarzaprirodnumedicinu.com\/test\/wp-json\/wp\/v2\/product_brand?post=14299"},{"taxonomy":"product_cat","embeddable":true,"href":"https:\/\/www.centarzaprirodnumedicinu.com\/test\/wp-json\/wp\/v2\/product_cat?post=14299"},{"taxonomy":"product_tag","embeddable":true,"href":"https:\/\/www.centarzaprirodnumedicinu.com\/test\/wp-json\/wp\/v2\/product_tag?post=14299"}],"curies":[{"name":"wp","href":"https:\/\/api.w.org\/{rel}","templated":true}]}}